{"id":1317,"date":"2025-06-13T13:28:45","date_gmt":"2025-06-13T10:28:45","guid":{"rendered":"https:\/\/www.vaasanseudunareenat.fi\/botniahalli\/?page_id=1317"},"modified":"2025-06-18T14:29:43","modified_gmt":"2025-06-18T11:29:43","slug":"ankomst-och-tillganglighet","status":"publish","type":"page","link":"https:\/\/www.vaasanseudunareenat.fi\/botniahalli\/sv\/ankomst-och-tillganglighet\/","title":{"rendered":"Ankomst och tillg\u00e4nglighet"},"content":{"rendered":"\n<section class=\"block block-hero has-overlay\">\n\t<div class=\"hero-inner\">\n\t\t\t\t\t<div class=\"image-container background-container\">\n\t\t\t\t<img decoding=\"async\" width=\"1920\" height=\"1080\" src=\"https:\/\/www.vaasanseudunareenat.fi\/botniahalli\/wp-content\/uploads\/sites\/2\/2025\/04\/Jalkapalloakatemia-10.3.2025-8-1920x1080.jpg\" class=\"img\" alt=\"\" fetchpriority=\"high\" srcset=\"https:\/\/www.vaasanseudunareenat.fi\/botniahalli\/wp-content\/uploads\/sites\/2\/2025\/04\/Jalkapalloakatemia-10.3.2025-8-1920x1080.jpg 1920w, https:\/\/www.vaasanseudunareenat.fi\/botniahalli\/wp-content\/uploads\/sites\/2\/2025\/04\/Jalkapalloakatemia-10.3.2025-8-1440x810.jpg 1440w, https:\/\/www.vaasanseudunareenat.fi\/botniahalli\/wp-content\/uploads\/sites\/2\/2025\/04\/Jalkapalloakatemia-10.3.2025-8-1024x576.jpg 1024w, https:\/\/www.vaasanseudunareenat.fi\/botniahalli\/wp-content\/uploads\/sites\/2\/2025\/04\/Jalkapalloakatemia-10.3.2025-8-768x432.jpg 768w, https:\/\/www.vaasanseudunareenat.fi\/botniahalli\/wp-content\/uploads\/sites\/2\/2025\/04\/Jalkapalloakatemia-10.3.2025-8-576x324.jpg 576w\" sizes=\"(max-width: 1920px) 100vw, 1920px\" \/>\t\t\t<\/div>\n\t\t\t\n\t\t\t\t<div class=\"container text-left\">\n\t\t\t<div class=\"hero-content\">\n\t\t\t\t<h1 class=\"title h1\">Ankomst och tillg\u00e4nglighet<\/h1>\n\t\t\t\t\n\t\t\t\t\t\t\t<\/div>\n\t\t<\/div>\n\n\t\t<div class=\"hero-columns grid-columns-2\">\n\t\t\t\n\t\t\t\t\t<\/div>\n\t<\/div>\n<\/section>\n\n\n\n<section class=\"block block-banner layout-left theme-light has-image image-sizing-cover image-inside-container image-rounded-corners\">\n\t\t\t<div class=\"image-container \">\n\t\t\t<img loading=\"lazy\" decoding=\"async\" width=\"800\" height=\"686\" src=\"https:\/\/www.vaasanseudunareenat.fi\/botniahalli\/wp-content\/uploads\/sites\/2\/2025\/06\/Screenshot-2025-06-09-at-14.03.14-1024x878.png\" class=\"img\" alt=\"\" srcset=\"https:\/\/www.vaasanseudunareenat.fi\/botniahalli\/wp-content\/uploads\/sites\/2\/2025\/06\/Screenshot-2025-06-09-at-14.03.14-1024x878.png 1024w, https:\/\/www.vaasanseudunareenat.fi\/botniahalli\/wp-content\/uploads\/sites\/2\/2025\/06\/Screenshot-2025-06-09-at-14.03.14-300x257.png 300w, https:\/\/www.vaasanseudunareenat.fi\/botniahalli\/wp-content\/uploads\/sites\/2\/2025\/06\/Screenshot-2025-06-09-at-14.03.14-768x659.png 768w, https:\/\/www.vaasanseudunareenat.fi\/botniahalli\/wp-content\/uploads\/sites\/2\/2025\/06\/Screenshot-2025-06-09-at-14.03.14-1536x1318.png 1536w, https:\/\/www.vaasanseudunareenat.fi\/botniahalli\/wp-content\/uploads\/sites\/2\/2025\/06\/Screenshot-2025-06-09-at-14.03.14.png 1562w\" sizes=\"(max-width: 800px) 100vw, 800px\" \/>\t\t<\/div>\n\t\n\t\n\t<div class=\"container text-left\">\n\t\t<div class=\"content\">\n\t\t\t<h1 class=\"title h2\">Ankomst till Botniahallen<\/h1>\t\t\t\t<div class=\"content-wysiwyg\">\n\t\t\t\t\t<p>Botniahallen ligger p\u00e5 adressen Prost\u00f6v\u00e4gen 2, 65610 Korsholm<\/p>\n<p><strong>Observera att Botniahallen \u00e4r st\u00e4ngd f\u00f6r grundrenovering 25.4\u201330.11.2025.<\/strong> Under denna period har hallens motionsverksamhet flyttats till Vasa Elektriska Arenan.<\/p>\n\t\t\t\t<\/div>\n\t\t\t\t\n\t<ul class=\"buttons\">\n\t\t\t\t\t<li class=\"button-item\">\n\t\t\t\t<a href=\"https:\/\/www.google.fi\/maps\/place\/Botniahalli\/@63.1239945,21.7099101,17z\/data=!3m1!4b1!4m6!3m5!1s0x467d61dffbb65191:0x35d3917d3ce82445!8m2!3d63.1239921!4d21.712485!16s%2Fg%2F121qyblt?entry=ttu&#038;g_ep=EgoyMDI1MDYwNC4wIKXMDSoASAFQAw%3D%3D\" class=\"link\" target=\"_blank\">Botniahallen p\u00e5 kartan<\/a>\t\t\t<\/li>\n\t\t\t<\/ul>\n\t\t\t<\/div>\n\t<\/div>\n<\/section>\n\n\n\n<section class=\"block block-columns theme-white\">\n\t<div class=\"container\">\n\t\t\n\t\t\t\t\t<div class=\"columns grid-columns-2 text-left\">\n\t\t\t\t\t\t\t\t\t<div class=\"column\">\n\t\t\t\t\t\t\n\t\t\t\t\t\t\t\t\t\t\t\t\t<h2 class=\"title h3\">Med buss<\/h2>\t\t\t\t\t\t\n\t\t\t\t\t\t\t\t\t\t\t\t\t<div class=\"content content-wysiwyg\">\n\t\t\t\t\t\t\t\t<p style=\"text-align: left\">Fr\u00e5n Vasa centrum tar du dig till Botniahallen med Lifti-linje nummer 6, som k\u00f6r rutten Industrigatan 8 \u2192 Prost\u00f6v\u00e4gen L. Den n\u00e4rmaste h\u00e5llplatsen \u00e4r Prost\u00f6v\u00e4gen, varifr\u00e5n det \u00e4r cirka 3 minuters promenad till hallen.<\/p>\n<p><a href=\"https:\/\/www.vaasa.fi\/sv\/bo-och-lev\/trafik-och-gator\/kollektivtrafik\/busstidtabeller-och-rutter\/\">Busstrafik<\/a><\/p>\n\t\t\t\t\t\t\t<\/div>\n\t\t\t\t\t\t\n\t\t\t\t\t\t\t\t\t\t\t<\/div>\n\t\t\t\t\t\t\t\t\t<div class=\"column\">\n\t\t\t\t\t\t\n\t\t\t\t\t\t\t\t\t\t\t\t\t<h2 class=\"title h3\">Med bil<\/h2>\t\t\t\t\t\t\n\t\t\t\t\t\t\t\t\t\t\t\t\t<div class=\"content content-wysiwyg\">\n\t\t\t\t\t\t\t\t<p>Om du kommer med egen bil \u00e4r det l\u00e4tt att ta sig till Botniahallen fr\u00e5n riksv\u00e4g E8 (Kokkolav\u00e4gen) via Botniahallen-avfarten och sv\u00e4nga in p\u00e5 Karper\u00f6v\u00e4gen. Det finns gott om parkeringsplatser.<\/p>\n<p>Tillg\u00e4ngligheten \u00e4r beaktad: vid huvuding\u00e5ngen finns reserverade platser f\u00f6r personer med funktionsneds\u00e4ttning, tillg\u00e4nglig ing\u00e5ng och tillg\u00e4nglig toalett (inva-wc).<\/p>\n\t\t\t\t\t\t\t<\/div>\n\t\t\t\t\t\t\n\t\t\t\t\t\t\t\t\t\t\t<\/div>\n\t\t\t\t\t\t\t<\/div>\n\t\t\n\t\t\t<\/div>\n<\/section>\n\n\n\n<section class=\"block block-banner layout-right theme-light has-image image-sizing-cover image-inside-container image-rounded-corners\">\n\t\t\t<div class=\"image-container \">\n\t\t\t<img loading=\"lazy\" decoding=\"async\" width=\"800\" height=\"853\" src=\"https:\/\/www.vaasanseudunareenat.fi\/botniahalli\/wp-content\/uploads\/sites\/2\/2025\/05\/istockphoto-1434337731-2048x2048-1-960x1024.jpg\" class=\"img\" alt=\"\" srcset=\"https:\/\/www.vaasanseudunareenat.fi\/botniahalli\/wp-content\/uploads\/sites\/2\/2025\/05\/istockphoto-1434337731-2048x2048-1-960x1024.jpg 960w, https:\/\/www.vaasanseudunareenat.fi\/botniahalli\/wp-content\/uploads\/sites\/2\/2025\/05\/istockphoto-1434337731-2048x2048-1-281x300.jpg 281w, https:\/\/www.vaasanseudunareenat.fi\/botniahalli\/wp-content\/uploads\/sites\/2\/2025\/05\/istockphoto-1434337731-2048x2048-1-768x819.jpg 768w, https:\/\/www.vaasanseudunareenat.fi\/botniahalli\/wp-content\/uploads\/sites\/2\/2025\/05\/istockphoto-1434337731-2048x2048-1.jpg 1200w\" sizes=\"(max-width: 800px) 100vw, 800px\" \/>\t\t<\/div>\n\t\n\t\n\t<div class=\"container text-left\">\n\t\t<div class=\"content\">\n\t\t\t<h2 class=\"title h2\">Tillg\u00e4nglighets&shy;tj\u00e4nster i Botniahallen<\/h2>\t\t\t\t<div class=\"content-wysiwyg\">\n\t\t\t\t\t<p><strong>Tillg\u00e4nglig ing\u00e5ng<\/strong>: Hallen har en hinderfri entr\u00e9 som g\u00f6r det smidigt att komma in med rullstol och andra hj\u00e4lpmedel f\u00f6r r\u00f6rlighet.<\/p>\n<p><strong>Tillg\u00e4nglig parkering<\/strong>: N\u00e4ra huvuding\u00e5ngen finns reserverade parkeringsplatser f\u00f6r personer med funktionsneds\u00e4ttning, vilket underl\u00e4ttar ankomsten.<\/p>\n<p><strong>Tillg\u00e4nglig toalett (INVA-WC)<\/strong>: I hallen finns en tillg\u00e4nglig toalett utformad f\u00f6r att m\u00f6ta s\u00e4rskilda behov.<\/p>\n<p><strong>H\u00f6rselhj\u00e4lpmedel<\/strong>: Lokalen \u00e4r utrustad med en fast induktionsslinga som f\u00f6rb\u00e4ttrar ljudkvaliteten f\u00f6r h\u00f6rapparatanv\u00e4ndare.<\/p>\n<p><strong>Anpassning f\u00f6r synskadade<\/strong>: Hallen tar h\u00e4nsyn till synskadades behov, s\u00e5som hinderfria g\u00e5ngv\u00e4gar.<\/p>\n\t\t\t\t<\/div>\n\t\t\t\t\t\t<\/div>\n\t<\/div>\n<\/section>\n","protected":false},"excerpt":{"rendered":"","protected":false},"author":13,"featured_media":0,"parent":0,"menu_order":0,"comment_status":"closed","ping_status":"closed","template":"","meta":{"_acf_changed":false,"footnotes":""},"class_list":["post-1317","page","type-page","status-publish","hentry"],"acf":[],"yoast_head":"<!-- This site is optimized with the Yoast SEO plugin v27.4 - https:\/\/yoast.com\/product\/yoast-seo-wordpress\/ -->\n<title>Ankomst och tillg\u00e4nglighet - Botniahalli<\/title>\n<meta name=\"robots\" content=\"index, follow, max-snippet:-1, max-image-preview:large, max-video-preview:-1\" \/>\n<link rel=\"canonical\" href=\"https:\/\/www.vaasanseudunareenat.fi\/botniahalli\/sv\/ankomst-och-tillganglighet\/\" \/>\n<meta property=\"og:locale\" content=\"en_US\" \/>\n<meta property=\"og:type\" content=\"article\" \/>\n<meta property=\"og:title\" content=\"Ankomst och tillg\u00e4nglighet - Botniahalli\" \/>\n<meta property=\"og:url\" content=\"https:\/\/www.vaasanseudunareenat.fi\/botniahalli\/sv\/ankomst-och-tillganglighet\/\" \/>\n<meta property=\"og:site_name\" content=\"Botniahalli\" \/>\n<meta property=\"article:modified_time\" content=\"2025-06-18T11:29:43+00:00\" \/>\n<meta name=\"twitter:card\" content=\"summary_large_image\" \/>\n<script type=\"application\/ld+json\" class=\"yoast-schema-graph\">{\"@context\":\"https:\\\/\\\/schema.org\",\"@graph\":[{\"@type\":\"WebPage\",\"@id\":\"https:\\\/\\\/www.vaasanseudunareenat.fi\\\/botniahalli\\\/sv\\\/ankomst-och-tillganglighet\\\/\",\"url\":\"https:\\\/\\\/www.vaasanseudunareenat.fi\\\/botniahalli\\\/sv\\\/ankomst-och-tillganglighet\\\/\",\"name\":\"Ankomst och tillg\u00e4nglighet - Botniahalli\",\"isPartOf\":{\"@id\":\"https:\\\/\\\/www.vaasanseudunareenat.fi\\\/botniahalli\\\/#website\"},\"datePublished\":\"2025-06-13T10:28:45+00:00\",\"dateModified\":\"2025-06-18T11:29:43+00:00\",\"breadcrumb\":{\"@id\":\"https:\\\/\\\/www.vaasanseudunareenat.fi\\\/botniahalli\\\/sv\\\/ankomst-och-tillganglighet\\\/#breadcrumb\"},\"inLanguage\":\"en-US\",\"potentialAction\":[{\"@type\":\"ReadAction\",\"target\":[\"https:\\\/\\\/www.vaasanseudunareenat.fi\\\/botniahalli\\\/sv\\\/ankomst-och-tillganglighet\\\/\"]}]},{\"@type\":\"BreadcrumbList\",\"@id\":\"https:\\\/\\\/www.vaasanseudunareenat.fi\\\/botniahalli\\\/sv\\\/ankomst-och-tillganglighet\\\/#breadcrumb\",\"itemListElement\":[{\"@type\":\"ListItem\",\"position\":1,\"name\":\"Home\",\"item\":\"https:\\\/\\\/www.vaasanseudunareenat.fi\\\/botniahalli\\\/\"},{\"@type\":\"ListItem\",\"position\":2,\"name\":\"Ankomst och tillg\u00e4nglighet\"}]},{\"@type\":\"WebSite\",\"@id\":\"https:\\\/\\\/www.vaasanseudunareenat.fi\\\/botniahalli\\\/#website\",\"url\":\"https:\\\/\\\/www.vaasanseudunareenat.fi\\\/botniahalli\\\/\",\"name\":\"Botniahalli\",\"description\":\"\",\"potentialAction\":[{\"@type\":\"SearchAction\",\"target\":{\"@type\":\"EntryPoint\",\"urlTemplate\":\"https:\\\/\\\/www.vaasanseudunareenat.fi\\\/botniahalli\\\/?s={search_term_string}\"},\"query-input\":{\"@type\":\"PropertyValueSpecification\",\"valueRequired\":true,\"valueName\":\"search_term_string\"}}],\"inLanguage\":\"en-US\"}]}<\/script>\n<!-- \/ Yoast SEO plugin. -->","yoast_head_json":{"title":"Ankomst och tillg\u00e4nglighet - Botniahalli","robots":{"index":"index","follow":"follow","max-snippet":"max-snippet:-1","max-image-preview":"max-image-preview:large","max-video-preview":"max-video-preview:-1"},"canonical":"https:\/\/www.vaasanseudunareenat.fi\/botniahalli\/sv\/ankomst-och-tillganglighet\/","og_locale":"en_US","og_type":"article","og_title":"Ankomst och tillg\u00e4nglighet - Botniahalli","og_url":"https:\/\/www.vaasanseudunareenat.fi\/botniahalli\/sv\/ankomst-och-tillganglighet\/","og_site_name":"Botniahalli","article_modified_time":"2025-06-18T11:29:43+00:00","twitter_card":"summary_large_image","schema":{"@context":"https:\/\/schema.org","@graph":[{"@type":"WebPage","@id":"https:\/\/www.vaasanseudunareenat.fi\/botniahalli\/sv\/ankomst-och-tillganglighet\/","url":"https:\/\/www.vaasanseudunareenat.fi\/botniahalli\/sv\/ankomst-och-tillganglighet\/","name":"Ankomst och tillg\u00e4nglighet - Botniahalli","isPartOf":{"@id":"https:\/\/www.vaasanseudunareenat.fi\/botniahalli\/#website"},"datePublished":"2025-06-13T10:28:45+00:00","dateModified":"2025-06-18T11:29:43+00:00","breadcrumb":{"@id":"https:\/\/www.vaasanseudunareenat.fi\/botniahalli\/sv\/ankomst-och-tillganglighet\/#breadcrumb"},"inLanguage":"en-US","potentialAction":[{"@type":"ReadAction","target":["https:\/\/www.vaasanseudunareenat.fi\/botniahalli\/sv\/ankomst-och-tillganglighet\/"]}]},{"@type":"BreadcrumbList","@id":"https:\/\/www.vaasanseudunareenat.fi\/botniahalli\/sv\/ankomst-och-tillganglighet\/#breadcrumb","itemListElement":[{"@type":"ListItem","position":1,"name":"Home","item":"https:\/\/www.vaasanseudunareenat.fi\/botniahalli\/"},{"@type":"ListItem","position":2,"name":"Ankomst och tillg\u00e4nglighet"}]},{"@type":"WebSite","@id":"https:\/\/www.vaasanseudunareenat.fi\/botniahalli\/#website","url":"https:\/\/www.vaasanseudunareenat.fi\/botniahalli\/","name":"Botniahalli","description":"","potentialAction":[{"@type":"SearchAction","target":{"@type":"EntryPoint","urlTemplate":"https:\/\/www.vaasanseudunareenat.fi\/botniahalli\/?s={search_term_string}"},"query-input":{"@type":"PropertyValueSpecification","valueRequired":true,"valueName":"search_term_string"}}],"inLanguage":"en-US"}]}},"lang":"sv","translations":{"sv":1317,"fi":574},"pll_sync_post":[],"_links":{"self":[{"href":"https:\/\/www.vaasanseudunareenat.fi\/botniahalli\/wp-json\/wp\/v2\/pages\/1317","targetHints":{"allow":["GET"]}}],"collection":[{"href":"https:\/\/www.vaasanseudunareenat.fi\/botniahalli\/wp-json\/wp\/v2\/pages"}],"about":[{"href":"https:\/\/www.vaasanseudunareenat.fi\/botniahalli\/wp-json\/wp\/v2\/types\/page"}],"author":[{"embeddable":true,"href":"https:\/\/www.vaasanseudunareenat.fi\/botniahalli\/wp-json\/wp\/v2\/users\/13"}],"replies":[{"embeddable":true,"href":"https:\/\/www.vaasanseudunareenat.fi\/botniahalli\/wp-json\/wp\/v2\/comments?post=1317"}],"version-history":[{"count":5,"href":"https:\/\/www.vaasanseudunareenat.fi\/botniahalli\/wp-json\/wp\/v2\/pages\/1317\/revisions"}],"predecessor-version":[{"id":1352,"href":"https:\/\/www.vaasanseudunareenat.fi\/botniahalli\/wp-json\/wp\/v2\/pages\/1317\/revisions\/1352"}],"wp:attachment":[{"href":"https:\/\/www.vaasanseudunareenat.fi\/botniahalli\/wp-json\/wp\/v2\/media?parent=1317"}],"curies":[{"name":"wp","href":"https:\/\/api.w.org\/{rel}","templated":true}]}}