{"id":1244,"date":"2025-06-12T20:39:56","date_gmt":"2025-06-12T17:39:56","guid":{"rendered":"https:\/\/www.vaasanseudunareenat.fi\/botniahalli\/?page_id=1244"},"modified":"2026-05-05T08:02:17","modified_gmt":"2026-05-05T05:02:17","slug":"barnmotion","status":"publish","type":"page","link":"https:\/\/www.vaasanseudunareenat.fi\/botniahalli\/sv\/barnmotion\/","title":{"rendered":"Barnmotion"},"content":{"rendered":"\n<section class=\"block block-hero has-overlay\">\n\t<div class=\"hero-inner\">\n\t\t\t\t\t<div class=\"image-container background-container\">\n\t\t\t\t<img decoding=\"async\" width=\"1703\" height=\"1080\" src=\"https:\/\/www.vaasanseudunareenat.fi\/botniahalli\/wp-content\/uploads\/sites\/2\/2024\/11\/37113469-1984075788283658-292475435927732224-o-1703x1080.jpg\" class=\"img\" alt=\"\" fetchpriority=\"high\" \/>\t\t\t<\/div>\n\t\t\t\n\t\t\t\t<div class=\"container text-left\">\n\t\t\t<div class=\"hero-content\">\n\t\t\t\t<h1 class=\"title h1\">Barnmotion<\/h1>\n\t\t\t\t\t\t\t\t\t<div class=\"content-wysiwyg\">\n\t\t\t\t\t\t<p>Vi ordnar fysiska aktiviteter f\u00f6r barn i l\u00e5gstadie\u00e5ldern. I sommar blir det b\u00e5de ett idrottsl\u00e4ger och ett fotbollsl\u00e4ger. L\u00e4gerverksamheten arrangeras av Vasaregionens Arenor.<\/p>\n<p>V\u00e4lkommen med!<\/p>\n\t\t\t\t\t<\/div>\n\t\t\t\t\n\t\t\t\t\t\t\t<\/div>\n\t\t<\/div>\n\n\t\t<div class=\"hero-columns grid-columns-2\">\n\t\t\t\n\t\t\t\t\t<\/div>\n\t<\/div>\n<\/section>\n\n\n\n<section class=\"block block-banner layout-full theme-white\">\n\t\n\t\n\t<div class=\"container text-center\">\n\t\t<div class=\"content\">\n\t\t\t<h2 class=\"title h2\">Motionsjippo f\u00f6r hela familjen i Botniahallen 9.5.2026 \u2013 Kom med och r\u00f6r p\u00e5 dig och uppt\u00e4ck nya grenar!<\/h2>\t\t\t\t<div class=\"content-wysiwyg\">\n\t\t\t\t\t<p>Motionsjippo f\u00f6r hela familjen tar \u00e5terigen \u00f6ver Botniahallen l\u00f6rdagen den 9.5.2026 kl. 10-15! Evenemanget ger m\u00f6jlighet att bekanta sig med omr\u00e5dets idrottsf\u00f6reningar, prova olika grenar och tillbringa en aktiv dag tillsammans med hela familjen. Evenemanget \u00e4r avgiftsfritt och \u00f6ppet f\u00f6r alla.<\/p>\n<p><strong>M\u00e5ngsidigt program i hela hallen<br \/>\n<\/strong>Botniahallens inomhusutrymmen och uteomr\u00e5den fylls av aktivitetsstationer d\u00e4r lokala idrottsf\u00f6reningar presenterar sina grenar och erbjuder roliga uppgifter f\u00f6r alla \u00e5ldrar. Det utlovas ett brett urval av aktiviteter \u2013 fr\u00e5n traditionella bollspel till olika f\u00e4rdighets-, koordination- och familjemotionsstationer.Evenemanget st\u00f6der gemenskapen i hela regionen och erbjuder f\u00f6reningarna en m\u00f6jlighet att rekrytera nya ut\u00f6vare samt utveckla samarbetet mellan olika akt\u00f6rer.<\/p>\n<p><strong>Arrangeras i samarbete \u2013 tryggt och smidigt<br \/>\n<\/strong>Evenemanget ordnas i samarbete mellan Vasa stad, Korsholms kommun, Folkh\u00e4lsan och Vasaregionens Arenor.<\/p>\n<p><strong>F\u00f6r vem passar evenemanget?<br \/>\n<\/strong>Motionsjippo passar utm\u00e4rkt f\u00f6r:<strong><br \/>\n<\/strong>&#8211; barnfamiljer<br \/>\n&#8211; personer som \u00e4r intresserade av nya hobby- och motionsm\u00f6jligheter<br \/>\n&#8211; alla som vill tillbringa en aktiv och glad dag<\/p>\n<p><strong>Kom med \u2013 r\u00f6r p\u00e5 dig, prova n\u00e5got nytt och hitta din favoritgren! Vi ses i Botniahallen den 9.5.2026!<\/strong><\/p>\n<p><img loading=\"lazy\" decoding=\"async\" class=\"alignnone wp-image-1925\" src=\"https:\/\/www.vaasanseudunareenat.fi\/botniahalli\/wp-content\/uploads\/sites\/2\/2026\/01\/kokoperheliikuntalogo-002-300x296.jpg\" alt=\"\" width=\"236\" height=\"233\" srcset=\"https:\/\/www.vaasanseudunareenat.fi\/botniahalli\/wp-content\/uploads\/sites\/2\/2026\/01\/kokoperheliikuntalogo-002-300x296.jpg 300w, https:\/\/www.vaasanseudunareenat.fi\/botniahalli\/wp-content\/uploads\/sites\/2\/2026\/01\/kokoperheliikuntalogo-002.jpg 340w\" sizes=\"(max-width: 236px) 100vw, 236px\" \/><\/p>\n\t\t\t\t<\/div>\n\t\t\t\t\t\t<\/div>\n\t<\/div>\n<\/section>\n\n\n\n<section id=\"fotbollsakademi\" class=\"block block-banner layout-right theme-white has-image image-sizing-contain image-rounded-corners\">\n\t\t\t<div class=\"image-container \">\n\t\t\t<img loading=\"lazy\" decoding=\"async\" width=\"1920\" height=\"1080\" src=\"https:\/\/www.vaasanseudunareenat.fi\/botniahalli\/wp-content\/uploads\/sites\/2\/2025\/04\/junnufutis_paino-4-1920x1080.jpg\" class=\"img\" alt=\"\" srcset=\"https:\/\/www.vaasanseudunareenat.fi\/botniahalli\/wp-content\/uploads\/sites\/2\/2025\/04\/junnufutis_paino-4-1920x1080.jpg 1920w, https:\/\/www.vaasanseudunareenat.fi\/botniahalli\/wp-content\/uploads\/sites\/2\/2025\/04\/junnufutis_paino-4-1440x810.jpg 1440w, https:\/\/www.vaasanseudunareenat.fi\/botniahalli\/wp-content\/uploads\/sites\/2\/2025\/04\/junnufutis_paino-4-1024x576.jpg 1024w, https:\/\/www.vaasanseudunareenat.fi\/botniahalli\/wp-content\/uploads\/sites\/2\/2025\/04\/junnufutis_paino-4-768x432.jpg 768w, https:\/\/www.vaasanseudunareenat.fi\/botniahalli\/wp-content\/uploads\/sites\/2\/2025\/04\/junnufutis_paino-4-576x324.jpg 576w\" sizes=\"(max-width: 1920px) 100vw, 1920px\" \/>\t\t<\/div>\n\t\n\t\n\t<div class=\"container text-left\">\n\t\t<div class=\"content\">\n\t\t\t<h2 class=\"title h2\">Botniahallens fotbollsakademi<\/h2>\t\t\t\t<div class=\"content-wysiwyg\">\n\t\t\t\t\t<p>Den tv\u00e5spr\u00e5kiga akademin startar igen 2026! Fotbollsakademi p\u00e5 onsdagar kl. 15.30\u201317.00 i Botniahallen.<\/p>\n<p>Akademin riktar sig till flickor och pojkar i \u00e5ldern 7\u201316 \u00e5r. Indelning i grupper sker enligt deltagarnas \u00e5lder och niv\u00e5. Akademin \u00e4r \u00f6ppen f\u00f6r alla intresserade. Tr\u00e4ningen i akademin fokuserar p\u00e5 att utveckla den unga fotbollsspelarens individuella egenskaper. Pekka Utriainen \u2013 Fotbollens ABC utg\u00f6r grunden f\u00f6r tr\u00e4ningen.<\/p>\n<p>Instrukt\u00f6r: Henri Scheweleff<\/p>\n<p><strong>Pris: 150\u202f\u20ac<\/strong><\/p>\n\t\t\t\t<\/div>\n\t\t\t\t\n\t<ul class=\"buttons\">\n\t\t\t\t\t<li class=\"button-item\">\n\t\t\t\t<a href=\"https:\/\/osteri.pusatec.fi\/sv\/botnia\/groupCourse\/course?id=91\" class=\"link\" target=\"_self\">Anm\u00e4l dig!<\/a>\t\t\t<\/li>\n\t\t\t\t\t<li class=\"button-item\">\n\t\t\t\t<a href=\"#kontakt\" class=\"link\" target=\"_self\">Fr\u00e5ga mer<\/a>\t\t\t<\/li>\n\t\t\t<\/ul>\n\t\t\t<\/div>\n\t<\/div>\n<\/section>\n\n\n\n<section class=\"block block-banner layout-right theme-light has-image image-sizing-contain image-rounded-corners\">\n\t\t\t<div class=\"image-container \">\n\t\t\t<img loading=\"lazy\" decoding=\"async\" width=\"1920\" height=\"1080\" src=\"https:\/\/www.vaasanseudunareenat.fi\/botniahalli\/wp-content\/uploads\/sites\/2\/2025\/04\/Jalkapalloakatemia-10.3.2025-8-1920x1080.jpg\" class=\"img\" alt=\"\" srcset=\"https:\/\/www.vaasanseudunareenat.fi\/botniahalli\/wp-content\/uploads\/sites\/2\/2025\/04\/Jalkapalloakatemia-10.3.2025-8-1920x1080.jpg 1920w, https:\/\/www.vaasanseudunareenat.fi\/botniahalli\/wp-content\/uploads\/sites\/2\/2025\/04\/Jalkapalloakatemia-10.3.2025-8-1440x810.jpg 1440w, https:\/\/www.vaasanseudunareenat.fi\/botniahalli\/wp-content\/uploads\/sites\/2\/2025\/04\/Jalkapalloakatemia-10.3.2025-8-1024x576.jpg 1024w, https:\/\/www.vaasanseudunareenat.fi\/botniahalli\/wp-content\/uploads\/sites\/2\/2025\/04\/Jalkapalloakatemia-10.3.2025-8-768x432.jpg 768w, https:\/\/www.vaasanseudunareenat.fi\/botniahalli\/wp-content\/uploads\/sites\/2\/2025\/04\/Jalkapalloakatemia-10.3.2025-8-576x324.jpg 576w\" sizes=\"(max-width: 1920px) 100vw, 1920px\" \/>\t\t<\/div>\n\t\n\t\n\t<div class=\"container text-left\">\n\t\t<div class=\"content\">\n\t\t\t<h2 class=\"title h2\">Idrottsl\u00e4ger<\/h2>\t\t\t\t<div class=\"content-wysiwyg\">\n\t\t\t\t\t<p>&nbsp;<\/p>\n<p>Idrottsl\u00e4gret \u00e4r avsett f\u00f6r barn f\u00f6dda 2013\u20132018 och h\u00e5lls i Botniahallen 1-5.6.2026. Det \u00e4r ett heldagsl\u00e4ger kl. 8\u201316 som inneh\u00e5ller m\u00e5ngsidig motion och r\u00f6relselekar, s\u00e5som bollspel, k\u00e4pph\u00e4stbana, frisbeegolf, klibb-boll, dodgeball, friidrott, cheerleading \u00f6vningar, fotboll och lekar i n\u00e4romr\u00e5det. Vi str\u00e4var efter att vara ute s\u00e5 mycket som m\u00f6jligt. I priset ing\u00e5r f\u00f6rutom handledning \u00e4ven en m\u00e5ngsidig lunch varje dag. L\u00e4gret \u00e4r tv\u00e5spr\u00e5kigt. Huvudledare: Henri Scheweleff.<\/p>\n<p><strong>Pris: 150\u202f\u20ac (inkl. m\u00e5ltider)<\/strong><br \/>\nAvbokning: Avbokning av l\u00e4gret endast mot sjukintyg.<\/p>\n<p>&nbsp;<\/p>\n<p><strong>FOTBOLLSKUNSKOLA \u2013 5 x tr\u00e4ningspaket f\u00f6r barn!<\/strong><\/p>\n<p>Vill du att ditt barn ska utvecklas snabbare och effektivare? V\u00e4lj <strong>individuell tr\u00e4ning eller sm\u00e5gruppstr\u00e4ning<\/strong> och tr\u00e4na just de f\u00e4rdigheter som intresserar!<\/p>\n<p><strong>Tr\u00e4ningsteman \u2013 v\u00e4lj ditt fokus:<\/strong><br \/>\n&#8211; Individuell fotbollstr\u00e4ning<br \/>\n&#8211; L\u00f6pteknik &amp; snabbhet<br \/>\n&#8211; M\u00e5lskytte &amp; avslut<br \/>\n&#8211; Bollteknik &amp; spelf\u00e4rdigheter<br \/>\n-Anfallsspel<\/p>\n<p><strong>Individuell tr\u00e4ning<\/strong><br \/>\n1 h \/ g\u00e5ng \/\u00a0 5 x paket: 225 \u20ac \/ spelare<\/p>\n<p><strong>Sm\u00e5gruppstr\u00e4ning<\/strong><br \/>\n1 h \/ g\u00e5ng (2\u20136 spelare) \/ 5 x paket: 125 \u20ac \/ spelare<\/p>\n<p>Passar alla ungdomar \u2013 fr\u00e5n nyb\u00f6rjare till t\u00e4vlingsinriktade spelare.<\/p>\n<p>Tr\u00e4nare Henri Scheweleff<br \/>\nhenri.scheweleff@vaasanseudunareenat.fi<\/p>\n<p><strong>Boka din plats nu!<\/strong><br \/>\nTr\u00e4ningstider flexibla<\/p>\n<p><strong>V\u00e4lj ditt tema och ta ditt spel till n\u00e4sta niv\u00e5!<\/strong> \u26bd<\/p>\n<p>&nbsp;<\/p>\n\t\t\t\t<\/div>\n\t\t\t\t\n\t<ul class=\"buttons\">\n\t\t\t\t\t<li class=\"button-item\">\n\t\t\t\t<a href=\"https:\/\/osteri.pusatec.fi\/botnia\/groupCourse\/search\" class=\"link\" target=\"_self\">K\u00f6p h\u00e4r<\/a>\t\t\t<\/li>\n\t\t\t\t\t<li class=\"button-item\">\n\t\t\t\t\t\t\t<\/li>\n\t\t\t<\/ul>\n\t\t\t<\/div>\n\t<\/div>\n<\/section>\n\n\n\n<section class=\"block block-banner layout-left theme-white has-image image-sizing-contain image-rounded-corners\">\n\t\t\t<div class=\"image-container \">\n\t\t\t<img loading=\"lazy\" decoding=\"async\" width=\"1920\" height=\"1080\" src=\"https:\/\/www.vaasanseudunareenat.fi\/botniahalli\/wp-content\/uploads\/sites\/2\/2025\/04\/Jalkapalloakatemia-10.3.2025-9-1920x1080.jpg\" class=\"img\" alt=\"\" srcset=\"https:\/\/www.vaasanseudunareenat.fi\/botniahalli\/wp-content\/uploads\/sites\/2\/2025\/04\/Jalkapalloakatemia-10.3.2025-9-1920x1080.jpg 1920w, https:\/\/www.vaasanseudunareenat.fi\/botniahalli\/wp-content\/uploads\/sites\/2\/2025\/04\/Jalkapalloakatemia-10.3.2025-9-1440x810.jpg 1440w, https:\/\/www.vaasanseudunareenat.fi\/botniahalli\/wp-content\/uploads\/sites\/2\/2025\/04\/Jalkapalloakatemia-10.3.2025-9-1024x576.jpg 1024w, https:\/\/www.vaasanseudunareenat.fi\/botniahalli\/wp-content\/uploads\/sites\/2\/2025\/04\/Jalkapalloakatemia-10.3.2025-9-768x432.jpg 768w, https:\/\/www.vaasanseudunareenat.fi\/botniahalli\/wp-content\/uploads\/sites\/2\/2025\/04\/Jalkapalloakatemia-10.3.2025-9-576x324.jpg 576w\" sizes=\"(max-width: 1920px) 100vw, 1920px\" \/>\t\t<\/div>\n\t\n\t\n\t<div class=\"container text-left\">\n\t\t<div class=\"content\">\n\t\t\t<h2 class=\"title h2\">Fotbollsl\u00e4ger<\/h2>\t\t\t\t<div class=\"content-wysiwyg\">\n\t\t\t\t\t<p>&nbsp;<\/p>\n<p>Henri Scheweleffs fotbollsl\u00e4ger \u00e4r avsett f\u00f6r pojkar och flickor f\u00f6dda 2013\u20132018. L\u00e4gret h\u00e5lls p\u00e5 Botniahallen 8-10.6.2026 under dagtid kl. 9\u201315.<\/p>\n<p>Under l\u00e4gret \u00f6var vi fotbollsf\u00e4rdigheter genom lekar och spel. Till fotbollsl\u00e4grets anda h\u00f6r ocks\u00e5 sp\u00e4nnande turneringar och roliga t\u00e4vlingar. Grupperna delas in enligt spelarnas \u00e5lder. L\u00e4gret inneh\u00e5ller lunch.<\/p>\n<p>F\u00f6rutom Henri fungerar \u00e4ven andra fotbollsledare som instrukt\u00f6rer p\u00e5 l\u00e4gret.<\/p>\n<p>Till fotbollsskolan beh\u00f6ver du ha med eget mellanm\u00e5l, boll, vattenflaska samt kl\u00e4der enligt v\u00e4der.<\/p>\n<p><strong>Priset f\u00f6r fotbollsskolan \u00e4r 98\u202f\u20ac\/deltagare.<\/strong> (F\u00f6rs\u00e4kring ing\u00e5r inte i avgiften).<br \/>\nAvbokning: Avbokning av l\u00e4gret endast mot sjukintyg.<\/p>\n\t\t\t\t<\/div>\n\t\t\t\t\n\t<ul class=\"buttons\">\n\t\t\t\t\t<li class=\"button-item\">\n\t\t\t\t<a href=\"https:\/\/osteri.pusatec.fi\/botnia\/groupCourse\/search\" class=\"link\" target=\"_self\">K\u00f6p h\u00e4r<\/a>\t\t\t<\/li>\n\t\t\t\t\t<li class=\"button-item\">\n\t\t\t\t\t\t\t<\/li>\n\t\t\t<\/ul>\n\t\t\t<\/div>\n\t<\/div>\n<\/section>\n\n\n\n<section id=\"kontakt\" class=\"block block-banner layout-left theme-light has-image image-sizing-contain image-inside-container\">\n\t\t\t<div class=\"image-container \">\n\t\t\t<img loading=\"lazy\" decoding=\"async\" width=\"724\" height=\"1024\" src=\"https:\/\/www.vaasanseudunareenat.fi\/botniahalli\/wp-content\/uploads\/sites\/2\/2025\/04\/hk5-724x1024.jpg\" class=\"img\" alt=\"\" srcset=\"https:\/\/www.vaasanseudunareenat.fi\/botniahalli\/wp-content\/uploads\/sites\/2\/2025\/04\/hk5-724x1024.jpg 724w, https:\/\/www.vaasanseudunareenat.fi\/botniahalli\/wp-content\/uploads\/sites\/2\/2025\/04\/hk5-212x300.jpg 212w, https:\/\/www.vaasanseudunareenat.fi\/botniahalli\/wp-content\/uploads\/sites\/2\/2025\/04\/hk5-768x1086.jpg 768w, https:\/\/www.vaasanseudunareenat.fi\/botniahalli\/wp-content\/uploads\/sites\/2\/2025\/04\/hk5-1086x1536.jpg 1086w, https:\/\/www.vaasanseudunareenat.fi\/botniahalli\/wp-content\/uploads\/sites\/2\/2025\/04\/hk5-1448x2048.jpg 1448w, https:\/\/www.vaasanseudunareenat.fi\/botniahalli\/wp-content\/uploads\/sites\/2\/2025\/04\/hk5-scaled.jpg 1810w\" sizes=\"(max-width: 724px) 100vw, 724px\" \/>\t\t<\/div>\n\t\n\t\n\t<div class=\"container text-left\">\n\t\t<div class=\"content\">\n\t\t\t<h2 class=\"title h2\">Fr\u00e5ga mer av l\u00e4grens huvudledare<\/h2>\t\t\t\t<div class=\"content-wysiwyg\">\n\t\t\t\t\t<p><strong>Henri Scheweleff<\/strong><br \/>\n<a href=\"mailto:henri.scheweleff@vaasanseudunareenat.fi\">henri.scheweleff@vaasanseudunareenat.fi<\/a><br \/>\ntel. <a href=\"tel:0401527749\">040 152 7749<\/a><\/p>\n\t\t\t\t<\/div>\n\t\t\t\t\t\t<\/div>\n\t<\/div>\n<\/section>\n","protected":false},"excerpt":{"rendered":"","protected":false},"author":13,"featured_media":0,"parent":0,"menu_order":0,"comment_status":"closed","ping_status":"closed","template":"","meta":{"_acf_changed":false,"footnotes":""},"class_list":["post-1244","page","type-page","status-publish","hentry"],"acf":[],"yoast_head":"<!-- This site is optimized with the Yoast SEO plugin v27.5 - https:\/\/yoast.com\/product\/yoast-seo-wordpress\/ -->\n<title>Barnmotion - Botniahalli<\/title>\n<meta name=\"robots\" content=\"index, follow, max-snippet:-1, max-image-preview:large, max-video-preview:-1\" \/>\n<link rel=\"canonical\" href=\"https:\/\/www.vaasanseudunareenat.fi\/botniahalli\/sv\/barnmotion\/\" \/>\n<meta property=\"og:locale\" content=\"en_US\" \/>\n<meta property=\"og:type\" content=\"article\" \/>\n<meta property=\"og:title\" content=\"Barnmotion - Botniahalli\" \/>\n<meta property=\"og:url\" content=\"https:\/\/www.vaasanseudunareenat.fi\/botniahalli\/sv\/barnmotion\/\" \/>\n<meta property=\"og:site_name\" content=\"Botniahalli\" \/>\n<meta property=\"article:modified_time\" content=\"2026-05-05T05:02:17+00:00\" \/>\n<meta name=\"twitter:card\" content=\"summary_large_image\" \/>\n<script type=\"application\/ld+json\" class=\"yoast-schema-graph\">{\"@context\":\"https:\\\/\\\/schema.org\",\"@graph\":[{\"@type\":\"WebPage\",\"@id\":\"https:\\\/\\\/www.vaasanseudunareenat.fi\\\/botniahalli\\\/sv\\\/barnmotion\\\/\",\"url\":\"https:\\\/\\\/www.vaasanseudunareenat.fi\\\/botniahalli\\\/sv\\\/barnmotion\\\/\",\"name\":\"Barnmotion - Botniahalli\",\"isPartOf\":{\"@id\":\"https:\\\/\\\/www.vaasanseudunareenat.fi\\\/botniahalli\\\/#website\"},\"datePublished\":\"2025-06-12T17:39:56+00:00\",\"dateModified\":\"2026-05-05T05:02:17+00:00\",\"breadcrumb\":{\"@id\":\"https:\\\/\\\/www.vaasanseudunareenat.fi\\\/botniahalli\\\/sv\\\/barnmotion\\\/#breadcrumb\"},\"inLanguage\":\"en-US\",\"potentialAction\":[{\"@type\":\"ReadAction\",\"target\":[\"https:\\\/\\\/www.vaasanseudunareenat.fi\\\/botniahalli\\\/sv\\\/barnmotion\\\/\"]}]},{\"@type\":\"BreadcrumbList\",\"@id\":\"https:\\\/\\\/www.vaasanseudunareenat.fi\\\/botniahalli\\\/sv\\\/barnmotion\\\/#breadcrumb\",\"itemListElement\":[{\"@type\":\"ListItem\",\"position\":1,\"name\":\"Home\",\"item\":\"https:\\\/\\\/www.vaasanseudunareenat.fi\\\/botniahalli\\\/\"},{\"@type\":\"ListItem\",\"position\":2,\"name\":\"Barnmotion\"}]},{\"@type\":\"WebSite\",\"@id\":\"https:\\\/\\\/www.vaasanseudunareenat.fi\\\/botniahalli\\\/#website\",\"url\":\"https:\\\/\\\/www.vaasanseudunareenat.fi\\\/botniahalli\\\/\",\"name\":\"Botniahalli\",\"description\":\"\",\"potentialAction\":[{\"@type\":\"SearchAction\",\"target\":{\"@type\":\"EntryPoint\",\"urlTemplate\":\"https:\\\/\\\/www.vaasanseudunareenat.fi\\\/botniahalli\\\/?s={search_term_string}\"},\"query-input\":{\"@type\":\"PropertyValueSpecification\",\"valueRequired\":true,\"valueName\":\"search_term_string\"}}],\"inLanguage\":\"en-US\"}]}<\/script>\n<!-- \/ Yoast SEO plugin. -->","yoast_head_json":{"title":"Barnmotion - Botniahalli","robots":{"index":"index","follow":"follow","max-snippet":"max-snippet:-1","max-image-preview":"max-image-preview:large","max-video-preview":"max-video-preview:-1"},"canonical":"https:\/\/www.vaasanseudunareenat.fi\/botniahalli\/sv\/barnmotion\/","og_locale":"en_US","og_type":"article","og_title":"Barnmotion - Botniahalli","og_url":"https:\/\/www.vaasanseudunareenat.fi\/botniahalli\/sv\/barnmotion\/","og_site_name":"Botniahalli","article_modified_time":"2026-05-05T05:02:17+00:00","twitter_card":"summary_large_image","schema":{"@context":"https:\/\/schema.org","@graph":[{"@type":"WebPage","@id":"https:\/\/www.vaasanseudunareenat.fi\/botniahalli\/sv\/barnmotion\/","url":"https:\/\/www.vaasanseudunareenat.fi\/botniahalli\/sv\/barnmotion\/","name":"Barnmotion - Botniahalli","isPartOf":{"@id":"https:\/\/www.vaasanseudunareenat.fi\/botniahalli\/#website"},"datePublished":"2025-06-12T17:39:56+00:00","dateModified":"2026-05-05T05:02:17+00:00","breadcrumb":{"@id":"https:\/\/www.vaasanseudunareenat.fi\/botniahalli\/sv\/barnmotion\/#breadcrumb"},"inLanguage":"en-US","potentialAction":[{"@type":"ReadAction","target":["https:\/\/www.vaasanseudunareenat.fi\/botniahalli\/sv\/barnmotion\/"]}]},{"@type":"BreadcrumbList","@id":"https:\/\/www.vaasanseudunareenat.fi\/botniahalli\/sv\/barnmotion\/#breadcrumb","itemListElement":[{"@type":"ListItem","position":1,"name":"Home","item":"https:\/\/www.vaasanseudunareenat.fi\/botniahalli\/"},{"@type":"ListItem","position":2,"name":"Barnmotion"}]},{"@type":"WebSite","@id":"https:\/\/www.vaasanseudunareenat.fi\/botniahalli\/#website","url":"https:\/\/www.vaasanseudunareenat.fi\/botniahalli\/","name":"Botniahalli","description":"","potentialAction":[{"@type":"SearchAction","target":{"@type":"EntryPoint","urlTemplate":"https:\/\/www.vaasanseudunareenat.fi\/botniahalli\/?s={search_term_string}"},"query-input":{"@type":"PropertyValueSpecification","valueRequired":true,"valueName":"search_term_string"}}],"inLanguage":"en-US"}]}},"lang":"sv","translations":{"sv":1244,"fi":748},"pll_sync_post":{},"_links":{"self":[{"href":"https:\/\/www.vaasanseudunareenat.fi\/botniahalli\/wp-json\/wp\/v2\/pages\/1244","targetHints":{"allow":["GET"]}}],"collection":[{"href":"https:\/\/www.vaasanseudunareenat.fi\/botniahalli\/wp-json\/wp\/v2\/pages"}],"about":[{"href":"https:\/\/www.vaasanseudunareenat.fi\/botniahalli\/wp-json\/wp\/v2\/types\/page"}],"author":[{"embeddable":true,"href":"https:\/\/www.vaasanseudunareenat.fi\/botniahalli\/wp-json\/wp\/v2\/users\/13"}],"replies":[{"embeddable":true,"href":"https:\/\/www.vaasanseudunareenat.fi\/botniahalli\/wp-json\/wp\/v2\/comments?post=1244"}],"version-history":[{"count":35,"href":"https:\/\/www.vaasanseudunareenat.fi\/botniahalli\/wp-json\/wp\/v2\/pages\/1244\/revisions"}],"predecessor-version":[{"id":2257,"href":"https:\/\/www.vaasanseudunareenat.fi\/botniahalli\/wp-json\/wp\/v2\/pages\/1244\/revisions\/2257"}],"wp:attachment":[{"href":"https:\/\/www.vaasanseudunareenat.fi\/botniahalli\/wp-json\/wp\/v2\/media?parent=1244"}],"curies":[{"name":"wp","href":"https:\/\/api.w.org\/{rel}","templated":true}]}}